r when 222070 is divided by 24265.
3685
Calculate the remainder when 368408 is divided by 28339.
1
What is the remainder when 485755 is divided by 3094?
3091
Calculate the remainder when 9463214 is divided by 946311.
104
Calculate the remainder when 10386 is divided by 5208.
5178
Calculate the remainder when 92587 is divided by 2600.
1587
Calculate the remainder when 2780 is divided by 1274.
232
What is the remainder when 122099 is divided by 77?
54
What is the remainder when 611479 is divided by 27?
10
What is the remainder when 7441012 is divided by 586?
570
Calculate the remainder when 6908510 is divided by 348.
14
What is the remainder when 1771224 is divided by 6004?
44
What is the remainder when 3524652 is divided by 185508?
0
What is the remainder when 507208 is divided by 235?
78
Calculate the remainder when 2572076 is divided by 1649.
1285
Calculate the remainder when 16708 is divided by 7931.
846
Calculate the remainder when 288048 is divided by 1059.
0
What is the remainder when 452090 is divided by 150692?
14
What is the remainder when 124262 is divided by 14935?
4782
Calculate the remainder when 4347440 is divided by 9.
8
What is the remainder when 22087642 is divided by 41?
40
What is the remainder when 1499556 is divided by 940?
256
What is the remainder when 144355 is divided by 28811?
300
What is the remainder when 673607156 is divided by 1537?
1536
Calculate the remainder when 321095 is divided by 64214.
25
What is the remainder when 27688132 is divided by 155?
17
What is the remainder when 1700832 is divided by 9502?
9476
What is the remainder when 1605 is divided by 1532?
73
What is the remainder when 1017700503 is divided by 6?
3
Calculate the remainder when 1119190 is divided by 79942.
2
What is the remainder when 110696 is divided by 55065?
566
What is the remainder when 57302368 is divided by 75?
43
What is the remainder when 66214 is divided by 331?
14
What is the remainder when 99581 is divided by 542?
395
Calculate the remainder when 395439 is divided by 710.
679
What is the remainder when 562515 is divided by 960?
915
What is the remainder when 21832911 is divided by 19?
11
Calculate the remainder when 1455331 is divided by 485110.
1
Calculate the remainder when 5432649 is divided by 3164.
61
What is the remainder when 882512 is divided by 2223?
2204
What is the remainder when 124954 is divided by 15172?
3578
Calculate the remainder when 465812 is divided by 12258.
8
What is the remainder when 392514 is divided by 1767?
240
What is the remainder when 48288 is divided by 15620?
1428
Calculate the remainder when 745592 is divided by 355.
92
Calculate the remainder when 4364628 is divided by 13.
8
Calculate the remainder when 4484057 is divided by 344924.
45
What is the remainder when 203248 is divided by 14513?
66
Calculate the remainder when 1426886 is divided by 2831.
62
Calculate the remainder when 3946300 is divided by 228.
76
What is the remainder when 13525620 is divided by 9982?
10
Calculate the remainder when 1729053 is divided by 1653.
15
Calculate the remainder when 94188 is divided by 2854.
6
Calculate the remainder when 33978 is divided by 271.
103
What is the remainder when 20597 is divided by 4361?
3153
Calculate the remainder when 33496197 is divided by 28.
21
Calculate the remainder when 1538680 is divided by 9.
4
What is the remainder when 6950 is divided by 3053?
844
Calculate the remainder when 1922035 is divided by 240188.
531
What is the remainder when 83488 is divided by 82902?
586
What is the remainder when 858135 is divided by 2240?
215
Calculate the remainder when 371898 is divided by 185922.
54
Calculate the remainder when 4283002 is divided by 61.
9
What is the remainder when 12184279 is divided by 37?
31
Calculate the remainder when 62128886 is divided by 46.
44
What is the remainder when 11248756 is divided by 244538?
8
What is the remainder when 3140000 is divided by 29?
25
Calculate the remainder when 1668994 is divided by 65.
54
Calculate the remainder when 233976 is divided by 6684.
36
Calculate the remainder when 2962866 is divided by 116.
110
What is the remainder when 266671 is divided by 4099?
236
What is the remainder when 128870 is divided by 434?
406
What is the remainder when 1676878 is divided by 11177?
328
What is the remainder when 9412811 is divided by 5883?
11
What is the remainder when 424310 is divided by 61?
55
What is the remainder when 2742194 is divided by 109687?
19
Calculate the remainder when 810210 is divided by 363.
357
What is the remainder when 4078476 is divided by 1761?
0
Calculate the remainder when 3207914641 is divided by 44.
41
Calculate the remainder when 6971578 is divided by 25.
3
Calculate the remainder when 5655516 is divided by 160.
156
What is the remainder when 32051 is divided by 1484?
887
Calculate the remainder when 866818 is divided by 26263.
139
What is the remainder when 5048 is divided by 11?
10
Calculate the remainder when 421541365 is divided by 210455.
0
What is the remainder when 5370403 is divided by 271?
267
Calculate the remainder when 2052771 is divided by 136849.
36
What is the remainder when 53518 is divided by 53053?
465
What is the remainder when 4766625 is divided by 65?
45
Calculate the remainder when 12315739 is divided by 36.
31
What is the remainder when 116526 is divided by 589?
493
What is the remainder when 493837 is divided by 493696?
141
Calculate the remainder when 219254773 is divided by 104.
101
Calculate the remainder when 193808 is divided by 24111.
920
What is the remainder when 540856 is divided by 9167?
3
Calculate the remainder when 9336782 is divided by 335.
332
What is the remainder when 29341728 is divided by 57?
9
Calculate the remainder when 6641425 is divided by 2213802.
19
Calculate the remainder when 1281493 is divided by 1086.
13
Calculate the remainder when 852782 is divided by 43.
6
Calculate the remainder when 15499759 is divided by 20584.
7
What is the remainder when 275178 is divided by 105?
78
What is the remainder when 256575988 is divided by 1222?
1202
Calculate the remainder when 38909 is divided by 36042.
2867
What is the remainder when 39653 is divided by 9338?
2301
What is the remainder when 1451936 is divided by 281?
9
What is the remainder when 3250683 is divided by 10520?
3
What is the remainder when 113227967 is divided by 464049?
11
What is the remainder when 106941780 is divided by 2918?
2916
Calculate the remainder when 8292257 is divided by 607.
30
What is the remainder when 16642 is divided by 7527?
1588
Calculate the remainder when 668912 is divided by 222257.
2141
Calculate the remainder when 12218261 is divided by 1745459.
48
What is the remainder when 16846366 is divided by 176?
174
What is the remainder when 860190 is divided by 2098?
10
Calculate the remainder when 350393 is divided by 1430.
43
Calculate the remainder when 77874 is divided by 4148.
3210
Calculate the remainder when 105430 is divided by 2506.
178
What is the remainder when 212981 is divided by 471?
89
Calculate the remainder when 584807 is divided by 142713.
13955
Calculate the remainder when 617447 is divided by 617398.
49
Calculate the remainder when 22234048 is divided by 15.
13
Calculate the remainder when 8345047 is divided by 39927.
304
What is the remainder when 2631917 is divided by 212?
149
Calculate the remainder when 88249914 is divided by 991572.
6
Calculate the remainder when 16425801 is divided by 2117.
2115
What is the remainder when 6869898 is divided by 6869877?
21
Calculate the remainder when 896799 is divided by 448332.
135
What is the remainder when 1748474 is divided by 93?
74
Calculate the remainder when 29516 is divided by 1444.
636
Calculate the remainder when 616799 is divided by 3446.
3411
What is the remainder when 148011 is divided by 33?
6
What is the remainder when 2336057 is divided by 2336055?
2
What is the remainder when 1209991 is divided by 192?
7
What is the remainder when 3800112 is divided by 25850?
162
What is the remainder when 3454067 is divided by 172700?
67
What is the remainder when 262084 is divided by 689?
264
Calculate the remainder when 78922 is divided by 26307.
1
Calculate the remainder when 502541 is divided by 23926.
95
Calculate the remainder when 927